3?
5
Let a = 7 - 11. Let g = -20 - -39. Calculate the remainder when (10/a)/((-5)/110) is divided by g.
17
Let k(b) = b**2 - 7*b + 4. Let p be k(6). What is the remainder when 17 is divided by 9/(p - -3 - 0)?
8
Let a(z) = -z**2 - z + 28. Let q be a(0). Suppose -o + l + 34 = -3*l, q = 2*o + 2*l. Calculate the remainder when 53 is divided by o.
17
Suppose j + 145 = 6*j. Calculate the remainder when j is divided by -10*(30/4)/(-5).
14
Let s(x) = 5*x - 6. Suppose 4*w - 9 = 11. Calculate the remainder when s(w) is divided by 7.
5
Let u = -7 + 10. Suppose u*g = 5*x - 14, 4*g = -5*x + 6 + 22. Suppose g*p + 30 = 5*p. Calculate the remainder when 37 is divided by p.
7
Suppose 5*l + 60 = -40. What is the remainder when (-64)/(-10) + 8/l is divided by 4?
2
Let c(i) = 2*i**2 - 4*i + 3. Let d be c(2). Suppose 4*b + 0 = 2*m + 20, -d*b + 29 = -5*m. What is the remainder when b + -1 + 1 + 6 is divided by 5?
4
Suppose 0 = -2*y - 3*y + 95. What is the remainder when 55 is divided by y?
17
Let y = 93 + -50. Let a be 13/1 + 3/1. Suppose 4*j = -a + 60. Calculate the remainder when y is divided by j.
10
Let f = 2 + -2. Suppose 4*a - 2*a = 4. What is the remainder when (1 + f + 1)/1 is divided by a?
0
Let t be 311/3 + 2/(-3). Let n = -53 + t. Let c(d) = -d**2 + 11*d - 1. Calculate the remainder when n is divided by c(9).
16
Let q be -4 + 0 - (-1 - 0). Calculate the remainder when 19 is divided by q/4*-4 + 1.
3
Suppose -2*c - 285 = -6*c - i, -3*c = -5*i - 185. What is the remainder when c is divided by 24?
22
Let h = -123 - -128. Calculate the remainder when 7 is divided by h.
2
Let t = -70 - -22. What is the remainder when (3/(-6))/(3/t) is divided by 3?
2
Let t = -15 - -33. Suppose -4*r - 3*b + 152 = b, -3*b = r - 46. What is the remainder when r is divided by t?
16
Let v = -16 - -69. What is the remainder when v is divided by 9?
8
Suppose 1 = -h + 16. Let y(m) = 3*m**2 + 3*m + 3. Let g be y(-1). Calculate the remainder when 20/h*g/2 is divided by 2.
0
Let n = 23 - -5. Calculate the remainder when n is divided by 15.
13
Suppose 2*m + 16 = 6, 0 = 4*q - 3*m - 7. Suppose -z = -s - 3*s + 29, -s = 4*z + 14. Calculate the remainder when q/(-4)*4*5 is divided by s.
4
Let s(u) = u**2 - 3*u - 2. Let q be s(6). Suppose -15 = -y + 2*j + 23, 4*j + q = 0. What is the remainder when y is divided by 16?
14
Let z = -4 + 2. Let y = 4 + z. Suppose y*m = -3*m + 120. Calculate the remainder when m is divided by 13.
11
Calculate the remainder when (-36)/(-9) + 1/1 + 49 is divided by 19.
16
Suppose 216 = 2*j + 44. What is the remainder when j is divided by 29?
28
Let l be ((-8)/(-6))/((-2)/(-3)). Let f(t) = 10 + l*t**2 - t + 2*t**2 - 3*t**2. What is the remainder when f(0) is divided by 6?
4
Let r(i) = i + 8. Let a be r(-6). Suppose -h + 4*z = 17, 0 = a*h + h + 3*z - 24. Calculate the remainder when 10 is divided by h.
1
Suppose 0 = 7*u - 2*u. What is the remainder when 55 is divided by 1 - (-3 + u - 15)?
17
Let w = 0 + 4. Let x = 107 - 100. What is the remainder when x is divided by w?
3
Let s = -14 - -50. Let v = -8 - -11. Suppose 0 = 5*u + v*o - 190, 0*u + u + o = s. What is the remainder when u is divided by 14?
13
Let j(c) = -c**3 - 7*c**2 - 7*c - 3. Let b be j(-6). Suppose -25 - 6 = -5*w - 2*i, -5*w - b*i + 29 = 0. Calculate the remainder when 12 is divided by w.
5
Let v = 8 + -5. What is the remainder when -1*v/6*-22 is divided by 48/18*(-6)/(-4)?
3
Suppose -3*f - 2*m - 2*m = -10, 2*m + 30 = 2*f. Suppose 5*o - 2*o = 87. Calculate the remainder when o is divided by f.
9
Let u(a) = -20*a + 4 - 5 - 4*a + 3*a. Let v(q) = -2*q**2 - 11*q + 3. Let t be v(-6). What is the remainder when u(t) is divided by 21?
20
Let u = -7 - 21. Let l be (-18)/14 - 20/(-70). Calculate the remainder when -3 + 0/l - u is divided by 14.
11
Suppose 7*w - 15 = 2*w. What is the remainder when w is divided by 1?
0
Let r = -1 + 2. Let d = r - -1. Suppose -2*o = d*h - 22, -4*o + h + 69 = -0*h. What is the remainder when o is divided by 6?
4
Let q(o) = 44*o**2 + 2*o - 1. Let i be q(1). Calculate the remainder when 15 is divided by (27/i)/((-2)/(-20)).
3
Let k(d) be the second derivative of -d**3/6 - 3*d. Let a be k(-2). Suppose 0 = 3*o - 4 - a. What is the remainder when o is divided by 1?
0
What is the remainder when 4 - (-4 - (-4)/2) is divided by 4?
2
Let i(u) = -3*u**3 - u**2 + 1. Let x be i(-1). Let z = -1 + x. Suppose -z*c + 25 = 7. Calculate the remainder when 25 is divided by c.
7
Let d(n) = 3*n**2 - 6*n - 6. What is the remainder when d(6) is divided by 14?
10
Suppose -5*a - 5*p = -50, p - 12 = -2*p. Let x be ((-1)/2)/(4/(-24)). Let l = a - x. What is the remainder when 5 is divided by l?
2
Let f = -4 + 18. What is the remainder when 1*-2*82/(-4) is divided by f?
13
Let o(x) = 6*x - 36. What is the remainder when 47 is divided by o(8)?
11
Let j = -2 - -1. Let w = 0 + j. What is the remainder when (-1 - 0)/(w/13) is divided by 7?
6
Suppose -11*m - 3*a = -7*m - 56, -a - 4 = 0. What is the remainder when m is divided by 10?
7
Let q = -81 + 113. Let t(u) = u**2 + u + 4. Let w be t(0). Suppose 7*y - 51 = w*y. Calculate the remainder when q is divided by y.
15
Let o be 1*(2 + 9 + -1). Calculate the remainder when 408/30 + 2/5 is divided by o/(-4)*(3 + -5).
4
Suppose 5*y - 6 = 2*y. Suppose 0 = 2*k - 0*k - 8, 0 = -4*t + y*k + 80. Calculate the remainder when t is divided by 13.
9
Suppose 3*a - 2*n - 22 - 8 = 0, 0 = -5*a - 4*n + 50. Let o = 21 + -12. Let x = o - 5. What is the remainder when a is divided by x?
2
Let y(l) = 5*l + 2. What is the remainder when 63 is divided by y(3)?
12
Suppose 0 = 3*v + 5*g - 32, 0 + 4 = -3*v + 4*g. Suppose 1 = q + 3*m - 10, 3*q - 2*m = 0. Calculate the remainder when (4 - q - 1) + 10 is divided by v.
3
Suppose -4*f = -x - 18, -2*x - f + 0*f = 54. Let r = x - -82. What is the remainder when r is divided by -5*95/(-100)*4?
18
Let g = -27 + 17. Let t = 2 - g. Calculate the remainder when 34 is divided by t.
10
Let s(p) = p**3 - p**2 - 5*p + 2. Let q be s(3). Suppose -90 = -q*y + 2*y. Calculate the remainder when y is divided by 16.
14
Let m(v) = v**2 + v + 6. Calculate the remainder when m(-8) is divided by (22/(-6) - -3)*-24.
14
Let j be 2 - 3/3*-3. Suppose j*t - 12 = 3*t. Suppose 0 = b - t*b + 20. Calculate the remainder when 7 is divided by b.
3
Let x be -1 + (3 + 3 - 1). Suppose -5*b - c + 54 = 0, -3*b + 0*c = -x*c - 14. Calculate the remainder when 28 is divided by b.
8
Suppose 0 = -5*z + z + 252. Suppose -2*p = -z + 17. Calculate the remainder when 44 is divided by p.
21
Let u(i) = 13*i. Calculate the remainder when u(3) is divided by 6/(-2) + 5 + 12.
11
Suppose 0 = -z + n + 17, -3*z - 6*n + 79 = -2*n. Let q(f) = 6*f. Calculate the remainder when z is divided by q(1).
3
Suppose -z + 52 = 4*t, 3*t - 40 = -0*z - z. What is the remainder when 46 is divided by t?
10
Let f(u) = -5*u - 1. What is the remainder when 47 is divided by f(-5)?
23
Suppose 3*y - 2 = 22. Calculate the remainder when 440/6 + y/12 is divided by 19.
17
Suppose -k - 3*t - 12 = 0, -k - 4*t - 15 = -2. What is the remainder when (3/k)/(2/(-222)) is divided by 13?
11
Let y(h) be the third derivative of -h**4/8 - 3*h**2. Let q = -58 + 83. Calculate the remainder when q is divided by y(-3).
7
Let u(b) = 3*b - 4. Let s be u(2). What is the remainder when 5/(-5) - s - -41 is divided by (-1*1)/((-2)/26)?
12
Let k be (-7)/(-2)*(-2)/1. Let u(t) = -14*t + 1. Let f be u(-2). Let j = k + f. Calculate the remainder when j is divided by 12.
10
Suppose -1005 = -5*r - 255. Suppose 0 = -2*q - 3*q - u + r, 3*q = 3*u + 72. Calculate the remainder when q is divided by 5.
4
Suppose 3*b + 2*g - 19 = -7, b = -2*g + 4. Calculate the remainder when 9 is divided by b.
1
Let c(l) = 4*l**2 + l + 2 - l - 3. Let v be c(-1). Suppose 0 = -v*i + 2*i + 5. What is the remainder when 8 is divided by i?
3
Let i(r) = -r**2 + 16*r - 15. What is the remainder when 130 is divided by i(12)?
31
Let b = -37 - -83. Calculate the remainder when b is divided by 24.
22
Suppose -2*m - 42 = -2*d + 2*m, 3*m + 84 = 5*d. Calculate the remainder when 2/(-8) + (-468)/(-16) is divided by d.
14
Let n = 1 - -7. Let b(f) = 2*f - 15. What is the remainder when n is divided by b(10)?
3
Suppose -3*w = -6*w. Suppose 5*g + w*g = 90. What is the remainder when g is divided 